 + 24 = -0*s, -5*m - s + 24 = 0. Calculate the highest common factor of 284 and m.
4
Let z(d) = -2*d**3 + 2*d**2 + 5. Let x(j) = -2*j - 9. Let h be x(-3). Let v be z(h). Suppose -u + 6 = -1. What is the greatest common factor of v and u?
7
Let r(m) = -7*m + 2. Let g be r(-2). Let l be -3 - (-78)/9*(-3)/2. Let v be 4/(-3)*6*8/l. What is the greatest common factor of v and g?
4
Let x(m) = -m**2 + 43*m - 303. Let s be x(33). Let y be 0*(-2)/(2*-2). Let h = y + 3. Calculate the highest common divisor of h and s.
3
Let q = -475 + 968. Calculate the greatest common divisor of 29 and q.
29
Let d = -43 + 61. Let v = -173 - -264. Let a = -64 + v. What is the greatest common divisor of a and d?
9
Suppose -u - 2*v - 2 = -3, -57 = -5*u + 3*v. Let z be 5 + -1 - ((-3105)/u + -8). Calculate the highest common divisor of z and 51.
51
Suppose 30*h - 270 = -30. What is the greatest common factor of h and 188?
4
Let s(h) = h**3 - 2*h**2 - 10*h - 1. Let w be s(5). Suppose 0 = 3*a - 7*a + w. Let l = 210 + -144. What is the highest common factor of l and a?
6
Suppose 23*i + 1365 - 9185 = 0. What is the greatest common factor of i and 8?
4
Let p = 16 + -10. Let b = -25 - -20. Let v(n) = 3*n**2 + n - 4. Let j be v(b). What is the highest common factor of p and j?
6
Suppose 0*q - q + 8 = -2*n, 0 = -4*n - q - 16. Let w(y) = 3*y**2 - 2. Let g be w(n). Calculate the greatest common factor of 115 and g.
23
Let c(d) = -2*d + 20. Let b be c(0). Let r = 175 + -125. Calculate the greatest common divisor of r and b.
10
Suppose 0 = 3*b - 23 - 13. Suppose 6*r = 15*r - 216. Calculate the greatest common divisor of b and r.
12
Suppose 0 = 6*i + 78 - 24. Let u be 1/2 - i/2. Calculate the greatest common divisor of u and 15.
5
Suppose 4*j + 2144 = 4*f, 45*f - j = 42*f + 1600. What is the greatest common divisor of f and 28?
28
Let m(d) = -5*d**2 - d. Let p be m(-1). Let o = 8 + p. Let n be ((-114)/27 - (-4)/18) + 8. What is the highest common factor of n and o?
4
Let t be (-15)/(-6)*-3*(-48)/45. Suppose 0*w + 80 = t*w. Let o = 22 - -3. What is the greatest common divisor of w and o?
5
Let y(w) = 4*w**2 - 11*w + 8. Let j be y(4). What is the greatest common factor of 98 and j?
14
Let m(b) = b**2 - b - 2. Let v be m(3). Let t be (-4)/6*150/(-4). Let q be (-3 - 6*-1) + t. What is the highest common divisor of v and q?
4
Let z = -208 - -42. Let k be 2 + ((-12)/(-4) - z). Suppose -5*t + 4*f = -276, -t + k = 2*t + 3*f. Calculate the greatest common divisor of t and 7.
7
Let m be (-2)/13 - (-505)/(-13). Let v = 75 + m. Suppose p + 43 = 4*g, p = 3*g - p - v. Calculate the greatest common factor of g and 40.
10
Let n = -689 + 729. What is the greatest common factor of n and 10?
10
Let u = 26 + -2. Suppose 3*s + 3*l - u = 0, -2*s - l + 48 = 3*s. What is the greatest common factor of s and 10?
10
Suppose -m - 350 = -6*h + 4*h, 2*h - 348 = 2*m. Calculate the greatest common divisor of 99 and h.
11
Suppose 54 = 4*g + 5*q, 5*g - g - q - 42 = 0. Suppose 124 = i - g. Calculate the highest common factor of 15 and i.
15
Let q = -204 + 207. Calculate the highest common divisor of q and 264.
3
Let b = -75 - -125. Suppose b = 7*h - 2*h. Suppose 6*f - 4*f + y = 25, -h = -f - 3*y. What is the highest common factor of 52 and f?
13
Let n be (154/6)/(17/153). Suppose 40 = q + 3*q. Suppose d - 11 = q. Calculate the greatest common divisor of n and d.
21
Let a = -50 - -52. Suppose -a*t - 10 + 54 = 0. What is the greatest common factor of t and 33?
11
Let u be (-5)/((8/34)/(-4)). Suppose -3*f = -f - 8. Let a be 2 - 60/(0 - f). Calculate the highest common divisor of u and a.
17
Let m be (2 - 18/8)/((-3)/228). Calculate the greatest common divisor of m and 2.
1
Let s = -51 - -28. Let q(z) = z**3 + 11*z**2 + 19*z + 18. Let t be q(-8). Let i = s + t. What is the greatest common factor of 7 and i?
7
Let n(h) = -10*h - 122. Let r be n(-32). Calculate the highest common divisor of r and 22.
22
Let y = -1 - -4. Let u(p) = -p**2 - 48*p - 324. Let i be u(-9). Calculate the greatest common factor of y and i.
3
Let g be (-3 - -2)/(1/(-15)). Let h be ((-84)/g)/(8/(-80)). Let v be (-16)/(-3)*(-6)/(-4). What is the highest common divisor of h and v?
8
Suppose 5*s = -3*n + 145, n - 2*s = -4*n + 190. Suppose -10*p - 8 = -16 - 72. What is the greatest common factor of p and n?
8
Suppose -4*u = 2*j - 21 - 151, 4*j = -4*u + 364. Let r = j - 60. What is the greatest common factor of 27 and r?
9
Let j = 92 - 12. What is the highest common divisor of 64 and j?
16
Suppose -5*s + 38 = -27. Let j be 3120/45*6/4. What is the greatest common divisor of j and s?
13
Let f(j) = 6*j**2 + 53*j - 229. Let y be f(5). What is the highest common factor of y and 279?
93
Let u = 828 + -310. What is the highest common factor of u and 14?
14
Suppose -188 - 28 = -6*l. Calculate the greatest common factor of 72 and l.
36
Let a = -40 + 60. Suppose 4*f - 831 + 195 = 0. Suppose -145 = -3*y + 5*g, -2*y - 2*g - 57 = -f. Calculate the highest common factor of y and a.
10
Suppose -k + 6*k = 20. Let x be 3*2*10/k. Let h = -49 - -55. What is the highest common factor of x and h?
3
Let j be (-3)/1 + 2 + 12. Suppose 0 = -8*d + j*d. Suppose 4*a - 5*w = -d*a - 12, 4*a - 4*w + 8 = 0. What is the greatest common factor of a and 6?
2
Let q(i) = i**2 - 3*i + 1. Let d be q(3). Let u be ((-2)/(-6))/d + (-551)/(-57). What is the highest common divisor of 10 and u?
10
Suppose -3*l = l - 20. Suppose -4*m + 3*d + 43 = -15, -l*d + 55 = 5*m. Calculate the greatest common factor of 65 and m.
13
Suppose -17*c = -4*c - 1664. Suppose -5*a = -y + 27 - c, -5*a - y = -109. Suppose -27 = -3*g - 6. Calculate the greatest common factor of a and g.
7
Suppose 180 = 17*h - 347. What is the highest common factor of 713 and h?
31
Let d be 6/(-27) - 2928/(-54) - 2. Calculate the highest common factor of d and 182.
26
Let q = 65 + -53. Let h be (2 - 134)*q/(-12). Calculate the highest common factor of 12 and h.
12
Suppose -6*y - 59*y + 5005 = 0. Calculate the greatest common factor of y and 242.
11
Suppose 5*n = -5*p + 415, -2*n + 2*p + 160 = 7*p. Suppose -6*v + n = -23. Let i be (-2 + 29)/(1/1). Calculate the highest common factor of i and v.
9
Let f = 10 + -2. Let g = 4 + f. Suppose -g*k = -8*k - 60. Calculate the greatest common divisor of k and 3.
3
Suppose 6 + 4 = 2*u, 8 = -2*p + 4*u. Let y = -16 + 22. What is the greatest common divisor of y and p?
6
Let o(l) be the first derivative of -l**4/2 - 11*l**3/3 + l**2/2 - 2*l + 7. Let d be o(-6). What is the greatest common divisor of 7 and d?
7
Let z be (-2 - -5) + 13 + -3. Suppose j + 6 = -2*j - 3*q, 0 = -3*j + 3*q + 24. Suppose 0 = -4*o - j*o + 728. What is the highest common divisor of z and o?
13
Suppose 3 + 8 = -y - 4*f, -3*y - 4*f = -7. Let l(u) = -4*u - y*u**2 + 4*u**3 + u + 3 - 5*u**3. Let z be l(-9). What is the highest common divisor of 15 and z?
15
Let p = 5 - -15. Let k = -188 + 198. Calculate the highest common divisor of k and p.
10
Suppose 10*z - 216 = 8*z. Suppose z = 5*r + 8. What is the greatest common divisor of r and 5?
5
Suppose -b = g - 195 - 197, -3*b = g - 384. Suppose -g = -7*u + u. Calculate the highest common divisor of u and 22.
22
Let l be 1518/12 - (-6)/(-4). Suppose 2*a + i - 79 = -2*a, -5*a = -4*i - l. What is the highest common divisor of 14 and a?
7
Let n(f) = f + 1. Let g be n(2). Suppose 24 = -a + g*a. Calculate the greatest common factor of a and 96.
12
Suppose 15*d - 17*d = -44. What is the greatest common divisor of 16 and d?
2
Let v = -96 + 146. Suppose 15*x - 11 = 4*x. Suppose 5*o = 4*z + 46, -z + x = -0*z. Calculate the highest common divisor of o and v.
10
Let u be 1 - (-2 - (-3 - -5)). Suppose 2*l + 59 = 3*l - u*q, q - 2 = 0. Calculate the highest common factor of 46 and l.
23
Let z = -21 - -45. Suppose -5*s = 4*t - 169, 2*t + 2*s - 118 = -t. Let y be (-4 - t/(-10))*-180. Calculate the greatest common factor of y and z.
24
Let z = -14 - -18. Let k(b) = 194*b + 4. Let o be k(z). Suppose p - 149 = -0*p - g, -5*p + 2*g = -o. What is the highest common factor of p and 14?
14
Let f be -10*(33/15 + 1). Let y = 45 + f. Suppose 8*k - 210 = -4*v + 6*k, 152 = 3*v - 4*k. What is the greatest common factor of y and v?
13
Let y = -183 - -192. What is the highest common divisor of 27 and y?
9
Let m be 5 + (3